
In base 8, what is 255011020 - 4?
255011014
In base 4, what is -2 - 2221322022323?
-2221322022331
In base 16, what is -53a5 - 8f?
-5434
In base 10, what is 1035999 + 84?
1036083
In base 9, what is -1070084515 - 5?
-1070084521
In base 9, what is -57 - 7618734?
-7618802
In base 10, what is -5 + 726749?
726744
In base 3, what is 0 - -1021100012101?
1021100012101
In base 10, what is 2786 - -21847?
24633
In base 11, what is -16554 - -203?
-16351
In base 5, what is 113 + 12241412112?
12241412230
In base 3, what is 22020100 - 11011121?
11001202
In base 12, what is -3169 + -1803?
-4970
In base 7, what is -56462631 - -14?
-56462614
In base 11, what is 764 + -42315?
-41661
In base 6, what is 130442 - 21534?
104504
In base 7, what is -4323023 - 4146?
-4330202
In base 8, what is 7 + 537566371?
537566400
In base 9, what is 3 - -335200755?
335200758
In base 14, what is -284 + -72d4?
-7578
In base 9, what is 4 - 1500328?
-1500324
In base 3, what is -111221112020110 + -11?
-111221112020121
In base 2, what is 101 + 1100111100001101011110101?
1100111100001101011111010
In base 10, what is -1494 + 45727?
44233
In base 13, what is 49 - 3127cb?
-312782
In base 8, what is -2757 - 107132?
-112111
In base 11, what is 423a1286 + -5?
423a1281
In base 13, what is 1b4 - 159?
58
In base 5, what is 4003311 + 1123?
4004434
In base 4, what is 201232 + -30110213?
-23302321
In base 2, what is -11110110 - 11100100010101011111?
-11100100011001010101
In base 3, what is 201 - -201121001200?
201121002101
In base 4, what is -213231200013 - 2?
-213231200021
In base 6, what is -2 + 550404333?
550404331
In base 4, what is -12003103 - -2002?
-12001101
In base 7, what is -3 - -5364453015?
5364453012
In base 6, what is 1203 + -20520?
-15313
In base 2, what is -1111100100 - -1011111100101100?
1011101101001000
In base 5, what is -3203 + -341423040?
-341431243
In base 16, what is -22f - 9b0a?
-9d39
In base 15, what is -356e79 + 8?
-356e71
In base 7, what is -3 + -1243045306?
-1243045312
In base 14, what is b + ab4d01?
ab4d0c
In base 6, what is -150 - 124122214?
-124122404
In base 5, what is -10011 + 312410?
302344
In base 9, what is 1058 + 88748?
100817
In base 9, what is -160757233 + -8?
-160757242
In base 12, what is -4512494 - -51?
-4512443
In base 7, what is 345056 - 60?
344666
In base 5, what is 444230223 + 13?
444230241
In base 6, what is 10025335 - 35?
10025300
In base 6, what is 311345455 + 11?
311345510
In base 5, what is -4224212 - 2232?
-4231444
In base 15, what is 0 - c7c18?
-c7c18
In base 14, what is -484d689 + 5?
-484d684
In base 5, what is 1121102442 - -140?
1121103132
In base 10, what is 97 - -346643?
346740
In base 6, what is 154302221 - -4?
154302225
In base 11, what is -123 - -138243?
138120
In base 4, what is 202230232 + 10203?
202301101
In base 12, what is -118b - bba4?
-11173
In base 4, what is 3332321033133 + 11?
3332321033210
In base 2, what is 100101111111110010001 - 11100?
100101111111101110101
In base 6, what is -25244341442 + -2?
-25244341444
In base 8, what is 2 - 733650763?
-733650761
In base 6, what is 24044 - -144423?
212511
In base 7, what is 2456 + -15142512?
-15140023
In base 14, what is 10 - -152d6?
15306
In base 11, what is -30715991 + 3?
-30715989
In base 8, what is -330 + -5007?
-5337
In base 13, what is 6 - 100366?
-100360
In base 11, what is 1090314 + -97?
1090228
In base 4, what is 2301100010121 - 1?
2301100010120
In base 14, what is 3d0 + -12771?
-12381
In base 14, what is -84b6b - -365?
-84806
In base 16, what is 5 - 2c03bf4?
-2c03bef
In base 8, what is 16 + -343064?
-343046
In base 6, what is -104224 - 1202023?
-1310251
In base 12, what is -54 + 69965?
69911
In base 11, what is 2 - -1409953?
1409955
In base 16, what is -16 - -1c4a4?
1c48e
In base 4, what is 1110301122 - -23312?
1110331100
In base 13, what is 0 - -1c259c?
1c259c
In base 10, what is -18 + -546184?
-546202
In base 15, what is -4 - 71800?
-71804
In base 7, what is -60122 + -141021?
-231143
In base 16, what is -3 - c004c?
-c004f
In base 4, what is -20123010301 - 1031?
-20123011332
In base 5, what is 12022443103 + -311?
12022442242
In base 13, what is 7620184 - 5?
762017c
In base 11, what is -a6 + 278a176?
278a080
In base 6, what is -50412 + 123040?
32224
In base 16, what is ce - 1c75?
-1ba7
In base 9, what is -345482671 + -3?
-345482674
In base 14, what is -2 + 7ad713?
7ad711
In base 8, what is -3 - -3466733?
3466730
In base 4, what is 21111110 + 3331?
21121101
In base 8, what is 403722137 - -4?
403722143
In base 12, what is 2669 - 9929?
-7280
In base 10, what is 1 - -3783244?
3783245
In base 12, what is -56b23 - 34?
-56b57
In base 10, what is 199 - -113157?
113356
In base 2, what is -11010011001111011111110 - 101?
-11010011001111100000011
In base 10, what is 24851 - -4798?
29649
In base 4, what is 131 + -333033202?
-333033011
In base 3, what is 11 - 12101100210001?
-12101100202220
In base 14, what is 7 + -36d221?
-36d218
In base 2, what is 1001100101110 + -10010001001110010?
-10000111101000100
In base 4, what is 2221301 + 13013301?
21301202
In base 8, what is -367266 + 7062?
-360204
In base 3, what is 12000122201 + 200121?
12001100022
In base 11, what is 159 + -a6a871?
-a6a713
In base 3, what is 210222010012020 - -220?
210222010020010
In base 4, what is 103130 + -20300102?
-20130312
In base 16, what is -d - -2d925d?
2d9250
In base 6, what is 3251203 + 5?
3251212
In base 6, what is 2035141 + -3?
2035134
In base 9, what is -7011 + -14243?
-22254
In base 7, what is -32301 - 461643?
-524244
In base 12, what is a804397 + -3?
a804394
In base 9, what is 10354042 - 10?
10354032
In base 10, what is 4025379 - 12?
4025367
In base 8, what is 7 + 4004303?
4004312
In base 10, what is -4752917 + 1?
-4752916
In base 9, what is 88 - -2080672?
2080771
In base 14, what is 3a3c0d76 + 1?
3a3c0d77
In base 11, what is 1788983 + 87?
1788a5a
In base 11, what is -7169837 + 38?
-71697aa
In base 2, what is -100000000010101111 + -100110100101?
-100000101001010100
In base 12, what is 1925 + 1a1b3?
1bb18
In base 10, what is -63 - -532013?
531950
In base 10, what is 336 + -4247?
-3911
In base 14, what is 18944d - -36?
189485
In base 9, what is -221771 - -124?
-221646
In base 7, what is -4 - -235350305?
235350301
In base 4, what is -133322 - -2203013?
2003031
In base 2, what is 10011100 + -10000110011000?
-10000011111100
In base 16, what is -7 + c4820?
c4819
In base 14, what is -83d - -ba65?
b226
In base 7, what is -26 - -13662464?
13662435
In base 14, what is -56b9 + -a508?
-11bc3
In base 3, what is -10 - -12201012010000000?
12201012002222220
In base 12, what is 978 - -b801?
10579
In base 14, what is -614 + 12b9ad?
12b399
In base 9, what is 864161 - 523?
863537
In base 12, what is -2 - 64a78?
-64a7a
In base 8, what is 124 + 730554?
730700
In base 7, what is 1562 + -546624?
-545032
In base 14, what is 2 - 7a39c?
-7a39a
In base 2, what is 101010111110001000110 + -11100?
101010111110000101010
In base 7, what is -2532566 + -346?
-2533245
In base 16, what is 6521 + -317?
620a
In base 11, what is 181 + -8448a7?
-844726
In base 8, what is -20532 + -1073?
-21625
In base 14, what is -177 - -ac18a3?
ac172a
In base 7, what is -1011601 - 663?
-1012564
In base 11, what is 1660 + 15580?
17130
In base 9, what is 674614 - -807?
675522
In base 8, what is -361471 - -160?
-361311
In base 15, what is 39a080 + 1e?
39a09e
In base 12, what is -126583 + -12?
-126595
In base 4, what is 12002 + 13330213?
20002221
In base 6, what is -5 - -202531441?
202531432
In base 12, what is 1899112 - 72?
1899060
In base 12, what is 48958373 + -4?
4895836b
In base 4, what is -100110 + -3101202?
-3201312
In base 10, what is -3181 + -25867?
-29048
In base 11, what is 1 + -5703166?
-5703165
In base 11, what is -24a79a23 + -8?
-24a79a30
In base 9, what is -4686 - 517?
-5314
In base 14, what is 15 + -a30d9?
-a30c4
In base 2, what is 10 - -1011010010101001111000?
1011010010101001111010
In base 2, what is 1011001111001100 - 1100011?
1011001101101001
In base 10, what is 8 + 76489282?
76489290
In base 8, what is 2221 - 1767?
232
In base 16, what is -f01 + 2e81?
1f80
In base 12, what is -30 - 77a410?
-77a440
In base 12, what is -16777a68 - 4?
-16777a70
In base 12, what is -16 + -105234?
-10524a
In base 5, what is 10 - 141240222?
-141240212
In base 16, what is 